{"id":287,"date":"2021-01-28T12:39:32","date_gmt":"2021-01-28T12:39:32","guid":{"rendered":"https:\/\/gdsolutions.fr\/?page_id=287"},"modified":"2024-04-01T11:56:39","modified_gmt":"2024-04-01T11:56:39","slug":"prestataire-sites-internet-professionnel","status":"publish","type":"page","link":"https:\/\/gdsolutions.fr\/index.php\/prestataire-sites-internet-professionnel\/","title":{"rendered":"Contact"},"content":{"rendered":"<div id=\"about-us-2\" class=\"about-image-section-pro\" style=\"background-color: #f6f6f6;\" data-label=\"About us\" data-id=\"about-image-section-pro\" data-category=\"about\">\n<div class=\"gridContainer\">\n<div class=\"row about-image-gridcol-pro\">\n<div class=\"about-image-textcol-pro\" data-type=\"column\">\n<h2 class=\"\">Rencontrons-nous !<\/h2>\n<p class=\"\">Gu\u00e9na\u00eblle DEZOBRY<\/p>\n<p>La Br\u00e8che Longuet<br \/>\n14430 Victot Pontfol<\/p>\n<p>Mob. 06 98 86 95 71<br \/>\nE-mail : info@gdsolutions.fr<\/p>\n<p><img decoding=\"async\" class=\"custom-image\" src=\"https:\/\/gdsolutions.fr\/wp-content\/uploads\/2021\/01\/cropped-GDS-COMMUNICATION-WEB-MARKETING-FORMATIONS-1.png\" alt=\"\" \/><\/div>\n<div class=\"\" data-type=\"column\"><\/div>\n<\/div>\n<\/div>\n<\/div>\n","protected":false},"excerpt":{"rendered":"<p>D\u00e9marquez-vous avec un site web professionnel pour votre entreprise. La visibilit\u00e9 en ligne est essentielle pour toute entreprise. <\/p>\n","protected":false},"author":1,"featured_media":0,"parent":0,"menu_order":0,"comment_status":"closed","ping_status":"closed","template":"","meta":{"_et_pb_use_builder":"off","_et_pb_old_content":"","_et_gb_content_width":"","footnotes":""},"class_list":["post-287","page","type-page","status-publish","hentry"],"yoast_head":"<!-- This site is optimized with the Yoast SEO plugin v26.8 - https:\/\/yoast.com\/product\/yoast-seo-wordpress\/ -->\n<title>Contact - Agence de communication 360\u00b0 - Sites Web - Design - Prestations Drone - Photos et vid\u00e9os - GD Solutions<\/title>\n<meta name=\"description\" content=\"D\u00e9marquez-vous avec un site web professionnel pour votre activit\u00e9. La visibilit\u00e9 en ligne est essentielle pour toute entreprise.\" \/>\n<meta name=\"robots\" content=\"index, follow, max-snippet:-1, max-image-preview:large, max-video-preview:-1\" \/>\n<link rel=\"canonical\" href=\"https:\/\/gdsolutions.fr\/index.php\/prestataire-sites-internet-professionnel\/\" \/>\n<meta property=\"og:locale\" content=\"fr_FR\" \/>\n<meta property=\"og:type\" content=\"article\" \/>\n<meta property=\"og:title\" content=\"Contact - Agence de communication 360\u00b0 - Sites Web - Design - Prestations Drone - Photos et vid\u00e9os - GD Solutions\" \/>\n<meta property=\"og:description\" content=\"D\u00e9marquez-vous avec un site web professionnel pour votre activit\u00e9. La visibilit\u00e9 en ligne est essentielle pour toute entreprise.\" \/>\n<meta property=\"og:url\" content=\"https:\/\/gdsolutions.fr\/index.php\/prestataire-sites-internet-professionnel\/\" \/>\n<meta property=\"og:site_name\" content=\"Agence de communication 360\u00b0 - Sites Web - Design - Prestations Drone - Photos et vid\u00e9os - GD Solutions\" \/>\n<meta property=\"article:modified_time\" content=\"2024-04-01T11:56:39+00:00\" \/>\n<meta property=\"og:image\" content=\"https:\/\/gdsolutions.fr\/wp-content\/uploads\/2021\/01\/cropped-GDS-COMMUNICATION-WEB-MARKETING-FORMATIONS-1.png\" \/>\n<meta name=\"twitter:card\" content=\"summary_large_image\" \/>\n<script type=\"application\/ld+json\" class=\"yoast-schema-graph\">{\"@context\":\"https:\/\/schema.org\",\"@graph\":[{\"@type\":\"WebPage\",\"@id\":\"https:\/\/gdsolutions.fr\/index.php\/prestataire-sites-internet-professionnel\/\",\"url\":\"https:\/\/gdsolutions.fr\/index.php\/prestataire-sites-internet-professionnel\/\",\"name\":\"Contact - Agence de communication 360\u00b0 - Sites Web - Design - Prestations Drone - Photos et vid\u00e9os - GD Solutions\",\"isPartOf\":{\"@id\":\"https:\/\/gdsolutions.fr\/#website\"},\"primaryImageOfPage\":{\"@id\":\"https:\/\/gdsolutions.fr\/index.php\/prestataire-sites-internet-professionnel\/#primaryimage\"},\"image\":{\"@id\":\"https:\/\/gdsolutions.fr\/index.php\/prestataire-sites-internet-professionnel\/#primaryimage\"},\"thumbnailUrl\":\"https:\/\/gdsolutions.fr\/wp-content\/uploads\/2021\/01\/cropped-GDS-COMMUNICATION-WEB-MARKETING-FORMATIONS-1.png\",\"datePublished\":\"2021-01-28T12:39:32+00:00\",\"dateModified\":\"2024-04-01T11:56:39+00:00\",\"description\":\"D\u00e9marquez-vous avec un site web professionnel pour votre activit\u00e9. La visibilit\u00e9 en ligne est essentielle pour toute entreprise.\",\"breadcrumb\":{\"@id\":\"https:\/\/gdsolutions.fr\/index.php\/prestataire-sites-internet-professionnel\/#breadcrumb\"},\"inLanguage\":\"fr-FR\",\"potentialAction\":[{\"@type\":\"ReadAction\",\"target\":[\"https:\/\/gdsolutions.fr\/index.php\/prestataire-sites-internet-professionnel\/\"]}]},{\"@type\":\"ImageObject\",\"inLanguage\":\"fr-FR\",\"@id\":\"https:\/\/gdsolutions.fr\/index.php\/prestataire-sites-internet-professionnel\/#primaryimage\",\"url\":\"https:\/\/gdsolutions.fr\/wp-content\/uploads\/2021\/01\/cropped-GDS-COMMUNICATION-WEB-MARKETING-FORMATIONS-1.png\",\"contentUrl\":\"https:\/\/gdsolutions.fr\/wp-content\/uploads\/2021\/01\/cropped-GDS-COMMUNICATION-WEB-MARKETING-FORMATIONS-1.png\",\"width\":1125,\"height\":222},{\"@type\":\"BreadcrumbList\",\"@id\":\"https:\/\/gdsolutions.fr\/index.php\/prestataire-sites-internet-professionnel\/#breadcrumb\",\"itemListElement\":[{\"@type\":\"ListItem\",\"position\":1,\"name\":\"Home\",\"item\":\"https:\/\/gdsolutions.fr\/\"},{\"@type\":\"ListItem\",\"position\":2,\"name\":\"Contact\"}]},{\"@type\":\"WebSite\",\"@id\":\"https:\/\/gdsolutions.fr\/#website\",\"url\":\"https:\/\/gdsolutions.fr\/\",\"name\":\"Agence de communication 360\u00b0 - Sites Web - Design - Prestations Drone - Photos et vid\u00e9os - GD Solutions\",\"description\":\"Agence de communication\",\"potentialAction\":[{\"@type\":\"SearchAction\",\"target\":{\"@type\":\"EntryPoint\",\"urlTemplate\":\"https:\/\/gdsolutions.fr\/?s={search_term_string}\"},\"query-input\":{\"@type\":\"PropertyValueSpecification\",\"valueRequired\":true,\"valueName\":\"search_term_string\"}}],\"inLanguage\":\"fr-FR\"}]}<\/script>\n<!-- \/ Yoast SEO plugin. -->","yoast_head_json":{"title":"Contact - Agence de communication 360\u00b0 - Sites Web - Design - Prestations Drone - Photos et vid\u00e9os - GD Solutions","description":"D\u00e9marquez-vous avec un site web professionnel pour votre activit\u00e9. La visibilit\u00e9 en ligne est essentielle pour toute entreprise.","robots":{"index":"index","follow":"follow","max-snippet":"max-snippet:-1","max-image-preview":"max-image-preview:large","max-video-preview":"max-video-preview:-1"},"canonical":"https:\/\/gdsolutions.fr\/index.php\/prestataire-sites-internet-professionnel\/","og_locale":"fr_FR","og_type":"article","og_title":"Contact - Agence de communication 360\u00b0 - Sites Web - Design - Prestations Drone - Photos et vid\u00e9os - GD Solutions","og_description":"D\u00e9marquez-vous avec un site web professionnel pour votre activit\u00e9. La visibilit\u00e9 en ligne est essentielle pour toute entreprise.","og_url":"https:\/\/gdsolutions.fr\/index.php\/prestataire-sites-internet-professionnel\/","og_site_name":"Agence de communication 360\u00b0 - Sites Web - Design - Prestations Drone - Photos et vid\u00e9os - GD Solutions","article_modified_time":"2024-04-01T11:56:39+00:00","og_image":[{"url":"https:\/\/gdsolutions.fr\/wp-content\/uploads\/2021\/01\/cropped-GDS-COMMUNICATION-WEB-MARKETING-FORMATIONS-1.png","type":"","width":"","height":""}],"twitter_card":"summary_large_image","schema":{"@context":"https:\/\/schema.org","@graph":[{"@type":"WebPage","@id":"https:\/\/gdsolutions.fr\/index.php\/prestataire-sites-internet-professionnel\/","url":"https:\/\/gdsolutions.fr\/index.php\/prestataire-sites-internet-professionnel\/","name":"Contact - Agence de communication 360\u00b0 - Sites Web - Design - Prestations Drone - Photos et vid\u00e9os - GD Solutions","isPartOf":{"@id":"https:\/\/gdsolutions.fr\/#website"},"primaryImageOfPage":{"@id":"https:\/\/gdsolutions.fr\/index.php\/prestataire-sites-internet-professionnel\/#primaryimage"},"image":{"@id":"https:\/\/gdsolutions.fr\/index.php\/prestataire-sites-internet-professionnel\/#primaryimage"},"thumbnailUrl":"https:\/\/gdsolutions.fr\/wp-content\/uploads\/2021\/01\/cropped-GDS-COMMUNICATION-WEB-MARKETING-FORMATIONS-1.png","datePublished":"2021-01-28T12:39:32+00:00","dateModified":"2024-04-01T11:56:39+00:00","description":"D\u00e9marquez-vous avec un site web professionnel pour votre activit\u00e9. La visibilit\u00e9 en ligne est essentielle pour toute entreprise.","breadcrumb":{"@id":"https:\/\/gdsolutions.fr\/index.php\/prestataire-sites-internet-professionnel\/#breadcrumb"},"inLanguage":"fr-FR","potentialAction":[{"@type":"ReadAction","target":["https:\/\/gdsolutions.fr\/index.php\/prestataire-sites-internet-professionnel\/"]}]},{"@type":"ImageObject","inLanguage":"fr-FR","@id":"https:\/\/gdsolutions.fr\/index.php\/prestataire-sites-internet-professionnel\/#primaryimage","url":"https:\/\/gdsolutions.fr\/wp-content\/uploads\/2021\/01\/cropped-GDS-COMMUNICATION-WEB-MARKETING-FORMATIONS-1.png","contentUrl":"https:\/\/gdsolutions.fr\/wp-content\/uploads\/2021\/01\/cropped-GDS-COMMUNICATION-WEB-MARKETING-FORMATIONS-1.png","width":1125,"height":222},{"@type":"BreadcrumbList","@id":"https:\/\/gdsolutions.fr\/index.php\/prestataire-sites-internet-professionnel\/#breadcrumb","itemListElement":[{"@type":"ListItem","position":1,"name":"Home","item":"https:\/\/gdsolutions.fr\/"},{"@type":"ListItem","position":2,"name":"Contact"}]},{"@type":"WebSite","@id":"https:\/\/gdsolutions.fr\/#website","url":"https:\/\/gdsolutions.fr\/","name":"Agence de communication 360\u00b0 - Sites Web - Design - Prestations Drone - Photos et vid\u00e9os - GD Solutions","description":"Agence de communication","potentialAction":[{"@type":"SearchAction","target":{"@type":"EntryPoint","urlTemplate":"https:\/\/gdsolutions.fr\/?s={search_term_string}"},"query-input":{"@type":"PropertyValueSpecification","valueRequired":true,"valueName":"search_term_string"}}],"inLanguage":"fr-FR"}]}},"_links":{"self":[{"href":"https:\/\/gdsolutions.fr\/index.php\/wp-json\/wp\/v2\/pages\/287","targetHints":{"allow":["GET"]}}],"collection":[{"href":"https:\/\/gdsolutions.fr\/index.php\/wp-json\/wp\/v2\/pages"}],"about":[{"href":"https:\/\/gdsolutions.fr\/index.php\/wp-json\/wp\/v2\/types\/page"}],"author":[{"embeddable":true,"href":"https:\/\/gdsolutions.fr\/index.php\/wp-json\/wp\/v2\/users\/1"}],"replies":[{"embeddable":true,"href":"https:\/\/gdsolutions.fr\/index.php\/wp-json\/wp\/v2\/comments?post=287"}],"version-history":[{"count":13,"href":"https:\/\/gdsolutions.fr\/index.php\/wp-json\/wp\/v2\/pages\/287\/revisions"}],"predecessor-version":[{"id":921,"href":"https:\/\/gdsolutions.fr\/index.php\/wp-json\/wp\/v2\/pages\/287\/revisions\/921"}],"wp:attachment":[{"href":"https:\/\/gdsolutions.fr\/index.php\/wp-json\/wp\/v2\/media?parent=287"}],"curies":[{"name":"wp","href":"https:\/\/api.w.org\/{rel}","templated":true}]}}